053510?
5
What is the thousands digit of 612772?
2
What is the units digit of 74656?
6
What is the thousands digit of 158242?
8
What is the tens digit of 783107?
0
What is the hundreds digit of 1491833?
8
What is the hundred thousands digit of 5079875?
0
What is the tens digit of 162064?
6
What is the units digit of 1151822?
2
What is the tens digit of 109079?
7
What is the thousands digit of 371539?
1
What is the tens digit of 10616368?
6
What is the units digit of 108823?
3
What is the units digit of 1272098?
8
What is the units digit of 548251?
1
What is the tens digit of 1028731?
3
What is the ten thousands digit of 4880881?
8
What is the hundreds digit of 213501?
5
What is the hundreds digit of 26086?
0
What is the units digit of 81655?
5
What is the ten thousands digit of 966810?
6
What is the tens digit of 7163133?
3
What is the units digit of 11300047?
7
What is the hundreds digit of 456711?
7
What is the tens digit of 62909?
0
What is the hundred thousands digit of 1696971?
6
What is the units digit of 5353783?
3
What is the ten thousands digit of 7114309?
1
What is the hundreds digit of 851705?
7
What is the hundred thousands digit of 3733451?
7
What is the ten millions digit of 12399025?
1
What is the thousands digit of 400010?
0
What is the units digit of 10538194?
4
What is the ten millions digit of 12037023?
1
What is the tens digit of 8234955?
5
What is the thousands digit of 3388508?
8
What is the units digit of 6348?
8
What is the ten thousands digit of 4131798?
3
What is the thousands digit of 6901?
6
What is the ten thousands digit of 36440?
3
What is the thousands digit of 25814?
5
What is the units digit of 983922?
2
What is the tens digit of 10202497?
9
What is the ten thousands digit of 677192?
7
What is the ten thousands digit of 23773034?
7
What is the units digit of 13752502?
2
What is the units digit of 206218?
8
What is the hundreds digit of 26869425?
4
What is the hundreds digit of 920018?
0
What is the hundreds digit of 247496?
4
What is the tens digit of 220116?
1
What is the ten thousands digit of 140441?
4
What is the millions digit of 1222987?
1
What is the units digit of 228274?
4
What is the tens digit of 77660?
6
What is the ten thousands digit of 1097628?
9
What is the hundreds digit of 18506895?
8
What is the thousands digit of 211798?
1
What is the thousands digit of 158624?
8
What is the tens digit of 3468064?
6
What is the ten thousands digit of 274909?
7
What is the ten thousands digit of 132623?
3
What is the ten thousands digit of 6423470?
2
What is the units digit of 414743?
3
What is the thousands digit of 8851107?
1
What is the ten thousands digit of 2098526?
9
What is the ten thousands digit of 112698?
1
What is the hundreds digit of 140151?
1
What is the hundred thousands digit of 291870?
2
What is the thousands digit of 3454?
3
What is the hundred thousands digit of 6084068?
0
What is the hundreds digit of 107867?
8
What is the tens digit of 428015?
1
What is the units digit of 1564681?
1
What is the millions digit of 2479166?
2
What is the hundred thousands digit of 563606?
5
What is the hundreds digit of 159551?
5
What is the units digit of 301313?
3
What is the ten thousands digit of 8338302?
3
What is the hundreds digit of 3500737?
7
What is the ten thousands digit of 259677?
5
What is the units digit of 81074?
4
What is the hundred thousands digit of 13974918?
9
What is the hundred thousands digit of 1721040?
7
What is the thousands digit of 2537655?
7
What is the units digit of 280908?
8
What is the millions digit of 3727463?
3
What is the thousands digit of 106997?
6
What is the thousands digit of 47969?
7
What is the hundred thousands digit of 446872?
4
What is the hundred thousands digit of 151773?
1
What is the thousands digit of 54235?
4
What is the units digit of 31606697?
7
What is the ten thousands digit of 73895?
7
What is the ten thousands digit of 175122?
7
What is the hundred thousands digit of 2818160?
8
What is the units digit of 10900137?
7
What is the thousands digit of 4205447?
5
What is the tens digit of 291674?
7
What is the hundred thousands digit of 2656414?
6
What is the tens digit of 249819?
1
What is the hundreds digit of 33259?
2
What is the hundred thousands digit of 232816?
2
What is the tens digit of 1196041?
4
What is the tens digit of 2555351?
5
What is the millions digit of 1142454?
1
What is the millions digit of 1011643?
1
What is the ten millions digit of 16083812?
1
What is the millions digit of 18612937?
8
What is the hundreds digit of 1976936?
9
What is the tens digit of 719136?
3
What is the ten thousands digit of 8231093?
3
What is the ten millions digit of 31662763?
3
What is the thousands digit of 727984?
7
What is the millions digit of 2401719?
2
What is the tens digit of 31564851?
5
What is the tens digit of 2802385?
8
What is the thousands digit of 3776504?
6
What is the tens digit of 2119199?
9
What is the millions digit of 2531736?
2
What is the hundred thousands digit of 2026350?
0
What is the millions digit of 4950546?
4
What is the thousands digit of 983900?
3
What is the hundreds digit of 582502?
5
What is the tens digit of 2420327?
2
What is the thousands digit of 16050?
6
What is the ten thousands digit of 258389?
5
What is the millions digit of 11192430?
1
What is the thousands digit of 2376525?
6
What is the ten thousands digit of 137593?
3
What is the units digit of 978404?
4
What is the hundreds digit of 404097?
0
What is the hundreds digit of 1017077?
0
What is the units digit of 64384?
4
What is the hundred thousands digit of 830425?
8
What is the tens digit of 224496?
9
What is the tens digit of 4338019?
1
What is the thousands digit of 6673869?
3
What is the tens digit of 90926?
2
What is the hundreds digit of 6019832?
8
What is the thousands digit of 471410?
1
What is the units digit of 7167909?
9
What is the ten thousands digit of 1807838?
0
What is the tens digit of 9018615?
1
What is the ten thousands digit of 186631?
8
What is the thousands digit of 511936?
1
What is the thousands digit of 782211?
2
What is the ten thousands digit of 123198?
2
What is the hundred thousands digit of 4468151?
4
What is the thousands digit of 4185793?
5
What is the thousands digit of 966019?
6
What is the hundreds digit of 6532373?
3
What is the hundreds digit of 38697?
6
What is the tens digit of 15761647?
4
What is the thousands digit of 6962248?
2
What is the thousands digit of 854431?
4
What is the tens digit of 284105?
0
What is the thousands digit of 206809?
6
What is the thousands digit of 2766047?
6
What is the tens digit of 30555?
5
What is the hundred thousands digit of 15016513?
0
What is the ten thousands digit of 207161?
0
What is the ten thousands digit of 459996?
5
What is the tens digit of 95508?
0
What is the hundred thousands digit of 2580480?
5
What is the millions digit of 2696934?
2
What is the hundreds digit of 8316147?
1
What is the hundreds digit of 13458036?
0
What is the millions digit of 3009489?
3
What is the ten thousands digit of 137288?
3
What is the units digit of 36136?
6
What is the thousands digit of 10824567?
4
What is the hundreds digit of 752720?
7
What is the ten thousands digit of 21582777?
8
What is the units digit of 4797670?
0
What is the ten thousands digit of 170986?
7
What is the hundred thousands digit of 617887?
6
What is the hundreds digit of 342156?
1
What is the millions digit of 1493362?
1
What is the thousands digit of 18923862?
3
What is the thousands digit of 629316?
9
What is the thousands digit of 25381139?
1
What is the thousands digit of 6656015?
6
What is the units digit of 1066571?
1
What is the thousands digit of 415075?
5
What is the ten thousands digit of 59651?
5
What is the units digit of 25253?
3
What is the ten thousands digit of 185703?
8
What is the hundred thousands digit of 4890418?
8
What is the thousands digit of 155003?
5
What is the hundred thousands digit of 431182?
4
What is the tens digit of 9147880?
8
What is the units digit of 106153?
3
What is the thousands digit of 3193625?
3
What is the ten thousands digit of 657498?
5
What is the thousands digit of 920817?
0
What is the ten thousands digit of 494198?
9
What is the hundred thousands digit of 2276790?
2
Wha